{"id":771,"date":"2026-01-21T13:38:24","date_gmt":"2026-01-21T13:38:24","guid":{"rendered":"https:\/\/encuentrocontableytributario.incp.org.co\/?page_id=771"},"modified":"2026-01-21T13:38:24","modified_gmt":"2026-01-21T13:38:24","slug":"leonardo-varon-garcia","status":"publish","type":"page","link":"https:\/\/encuentrocontableytributario.incp.org.co\/indexphp\/leonardo-varon-garcia\/","title":{"rendered":"Leonardo Var\u00f3n Garc\u00eda\u200b"},"content":{"rendered":"\n<div class=\"wp-block-columns is-layout-flex wp-container-core-columns-is-layout-9d6595d7 wp-block-columns-is-layout-flex\">\n<div class=\"wp-block-column is-layout-flow wp-block-column-is-layout-flow\">\n<figure class=\"wp-block-image size-full is-resized\"><img loading=\"lazy\" decoding=\"async\" width=\"430\" height=\"475\" src=\"https:\/\/encuentrocontableytributario.incp.org.co\/wp-content\/uploads\/2026\/01\/Leonardo-Varon.png\" alt=\"\" class=\"wp-image-772\" style=\"width:416px;height:auto\" srcset=\"https:\/\/encuentrocontableytributario.incp.org.co\/wp-content\/uploads\/2026\/01\/Leonardo-Varon.png 430w, https:\/\/encuentrocontableytributario.incp.org.co\/wp-content\/uploads\/2026\/01\/Leonardo-Varon-272x300.png 272w\" sizes=\"auto, (max-width: 430px) 100vw, 430px\" \/><\/figure>\n<\/div>\n\n\n\n<div class=\"wp-block-column is-layout-flow wp-block-column-is-layout-flow\">\n<h5 class=\"wp-block-heading\" style=\"font-size:20px\">Asociado de Andersen Colombia SAS\u200b\n<\/h5>\n\n\n\n<p style=\"text-align:justify\">Contador p\u00fablico, mag\u00edster en Contabilidad y Auditor\u00eda de Gesti\u00f3n, con especializaciones en Contabilidad Financiera Internacional y en Revisor\u00eda Fiscal y Auditor\u00eda Externa. Cuenta con amplia experiencia como capacitador en Normas Internacionales de Informaci\u00f3n Financiera (NIIF), NIIF para Pymes, Normas Internacionales de Auditor\u00eda (NIA), Normas Internacionales de Contabilidad para el Sector P\u00fablico (NICSP) y en temas relacionados con el impuesto sobre la renta y complementarios.\u200b<br><br>\nHa desarrollado su trayectoria profesional en empresas de los sectores portuario, log\u00edstico, construcci\u00f3n, servicios p\u00fablicos, telecomunicaciones, combustibles, entidades sin \u00e1nimo de lucro y entidades gubernamentales, entre otros. Fue consejero del Consejo T\u00e9cnico de la Contadur\u00eda P\u00fablica (CTCP) en el periodo 2018-2021, dignatario del Tribunal Disciplinario de la Junta Central de Contadores en el mismo periodo y miembro del Directorio de GLENIF por Colombia durante 2020 y 2021.\n\n<\/p>\n<\/div>\n<\/div>\n\n\n\n<p><\/p>\n","protected":false},"excerpt":{"rendered":"<p>Asociado de Andersen Colombia SAS\u200b Contador p\u00fablico, mag\u00edster en Contabilidad y Auditor\u00eda de Gesti\u00f3n, con especializaciones en Contabilidad Financiera Internacional y en Revisor\u00eda Fiscal y Auditor\u00eda Externa. Cuenta con amplia experiencia como capacitador en Normas Internacionales de Informaci\u00f3n Financiera (NIIF), NIIF para Pymes, Normas Internacionales de Auditor\u00eda (NIA), Normas Internacionales de Contabilidad para el Sector &hellip; <\/p>\n","protected":false},"author":1,"featured_media":0,"parent":0,"menu_order":0,"comment_status":"closed","ping_status":"closed","template":"","meta":{"inline_featured_image":false,"footnotes":""},"class_list":["post-771","page","type-page","status-publish","hentry"],"_links":{"self":[{"href":"https:\/\/encuentrocontableytributario.incp.org.co\/index.php\/wp-json\/wp\/v2\/pages\/771","targetHints":{"allow":["GET"]}}],"collection":[{"href":"https:\/\/encuentrocontableytributario.incp.org.co\/index.php\/wp-json\/wp\/v2\/pages"}],"about":[{"href":"https:\/\/encuentrocontableytributario.incp.org.co\/index.php\/wp-json\/wp\/v2\/types\/page"}],"author":[{"embeddable":true,"href":"https:\/\/encuentrocontableytributario.incp.org.co\/index.php\/wp-json\/wp\/v2\/users\/1"}],"replies":[{"embeddable":true,"href":"https:\/\/encuentrocontableytributario.incp.org.co\/index.php\/wp-json\/wp\/v2\/comments?post=771"}],"version-history":[{"count":1,"href":"https:\/\/encuentrocontableytributario.incp.org.co\/index.php\/wp-json\/wp\/v2\/pages\/771\/revisions"}],"predecessor-version":[{"id":773,"href":"https:\/\/encuentrocontableytributario.incp.org.co\/index.php\/wp-json\/wp\/v2\/pages\/771\/revisions\/773"}],"wp:attachment":[{"href":"https:\/\/encuentrocontableytributario.incp.org.co\/index.php\/wp-json\/wp\/v2\/media?parent=771"}],"curies":[{"name":"wp","href":"https:\/\/api.w.org\/{rel}","templated":true}]}}