{"id":727,"date":"2026-01-21T13:26:40","date_gmt":"2026-01-21T13:26:40","guid":{"rendered":"https:\/\/encuentrocontableytributario.incp.org.co\/?page_id=727"},"modified":"2026-01-21T13:26:41","modified_gmt":"2026-01-21T13:26:41","slug":"tulio-restrepo-rivera","status":"publish","type":"page","link":"https:\/\/encuentrocontableytributario.incp.org.co\/indexphp\/tulio-restrepo-rivera\/","title":{"rendered":"Tulio Restrepo Rivera\u200b"},"content":{"rendered":"\n<div class=\"wp-block-columns is-layout-flex wp-container-core-columns-is-layout-9d6595d7 wp-block-columns-is-layout-flex\">\n<div class=\"wp-block-column is-layout-flow wp-block-column-is-layout-flow\">\n<figure class=\"wp-block-image size-full is-resized\"><img loading=\"lazy\" decoding=\"async\" width=\"586\" height=\"745\" src=\"https:\/\/encuentrocontableytributario.incp.org.co\/wp-content\/uploads\/2026\/01\/Tulio.png\" alt=\"\" class=\"wp-image-766\" style=\"width:416px;height:auto\" srcset=\"https:\/\/encuentrocontableytributario.incp.org.co\/wp-content\/uploads\/2026\/01\/Tulio.png 586w, https:\/\/encuentrocontableytributario.incp.org.co\/wp-content\/uploads\/2026\/01\/Tulio-236x300.png 236w\" sizes=\"auto, (max-width: 586px) 100vw, 586px\" \/><\/figure>\n<\/div>\n\n\n\n<div class=\"wp-block-column is-layout-flow wp-block-column-is-layout-flow\">\n<h5 class=\"wp-block-heading\" style=\"font-size:20px\">Socio fundador de Restrepo y Londo\u00f1o S.A.S. \u2013 Smartax.\u200b<\/h5>\n\n\n\n<p style=\"text-align:justify\">Contador p\u00fablico de la Universidad Santiago de Cali, con m\u00e1s de cuarenta a\u00f1os de experiencia profesional en el \u00e1mbito tributario. Especialista en Gerencia de Impuestos y Alta Gerencia Internacional de la Universidad Icesi y egresado del Programa de Alta Gerencia de la Universidad de los Andes.<br>\nSe ha desempe\u00f1ado como profesor en el \u00e1rea de planeaci\u00f3n tributaria en diversas universidades del pa\u00eds y como asesor tributario de empresas nacionales y multinacionales. Cuenta con una amplia trayectoria como conferencista y expositor en seminarios especializados en materia fiscal a nivel nacional. <\/p>\n<\/div>\n<\/div>\n\n\n\n<p><\/p>\n","protected":false},"excerpt":{"rendered":"<p>Socio fundador de Restrepo y Londo\u00f1o S.A.S. \u2013 Smartax.\u200b Contador p\u00fablico de la Universidad Santiago de Cali, con m\u00e1s de cuarenta a\u00f1os de experiencia profesional en el \u00e1mbito tributario. Especialista en Gerencia de Impuestos y Alta Gerencia Internacional de la Universidad Icesi y egresado del Programa de Alta Gerencia de la Universidad de los Andes. &hellip; <\/p>\n","protected":false},"author":1,"featured_media":0,"parent":0,"menu_order":0,"comment_status":"closed","ping_status":"closed","template":"","meta":{"inline_featured_image":false,"footnotes":""},"class_list":["post-727","page","type-page","status-publish","hentry"],"_links":{"self":[{"href":"https:\/\/encuentrocontableytributario.incp.org.co\/index.php\/wp-json\/wp\/v2\/pages\/727","targetHints":{"allow":["GET"]}}],"collection":[{"href":"https:\/\/encuentrocontableytributario.incp.org.co\/index.php\/wp-json\/wp\/v2\/pages"}],"about":[{"href":"https:\/\/encuentrocontableytributario.incp.org.co\/index.php\/wp-json\/wp\/v2\/types\/page"}],"author":[{"embeddable":true,"href":"https:\/\/encuentrocontableytributario.incp.org.co\/index.php\/wp-json\/wp\/v2\/users\/1"}],"replies":[{"embeddable":true,"href":"https:\/\/encuentrocontableytributario.incp.org.co\/index.php\/wp-json\/wp\/v2\/comments?post=727"}],"version-history":[{"count":2,"href":"https:\/\/encuentrocontableytributario.incp.org.co\/index.php\/wp-json\/wp\/v2\/pages\/727\/revisions"}],"predecessor-version":[{"id":767,"href":"https:\/\/encuentrocontableytributario.incp.org.co\/index.php\/wp-json\/wp\/v2\/pages\/727\/revisions\/767"}],"wp:attachment":[{"href":"https:\/\/encuentrocontableytributario.incp.org.co\/index.php\/wp-json\/wp\/v2\/media?parent=727"}],"curies":[{"name":"wp","href":"https:\/\/api.w.org\/{rel}","templated":true}]}}