{"id":723,"date":"2026-01-19T15:15:58","date_gmt":"2026-01-19T15:15:58","guid":{"rendered":"https:\/\/encuentrocontableytributario.incp.org.co\/?page_id=723"},"modified":"2026-01-19T15:15:59","modified_gmt":"2026-01-19T15:15:59","slug":"billy-escobar-perez-2","status":"publish","type":"page","link":"https:\/\/encuentrocontableytributario.incp.org.co\/indexphp\/billy-escobar-perez-2\/","title":{"rendered":"Billy Escobar P\u00e9rez"},"content":{"rendered":"\n<div class=\"wp-block-columns is-layout-flex wp-container-core-columns-is-layout-9d6595d7 wp-block-columns-is-layout-flex\">\n<div class=\"wp-block-column is-layout-flow wp-block-column-is-layout-flow\">\n<figure class=\"wp-block-image size-full is-resized\"><img loading=\"lazy\" decoding=\"async\" width=\"645\" height=\"800\" src=\"https:\/\/encuentrocontableytributario.incp.org.co\/wp-content\/uploads\/2026\/01\/Billy.jpg\" alt=\"\" class=\"wp-image-724\" style=\"width:416px;height:auto\" srcset=\"https:\/\/encuentrocontableytributario.incp.org.co\/wp-content\/uploads\/2026\/01\/Billy.jpg 645w, https:\/\/encuentrocontableytributario.incp.org.co\/wp-content\/uploads\/2026\/01\/Billy-242x300.jpg 242w\" sizes=\"auto, (max-width: 645px) 100vw, 645px\" \/><\/figure>\n<\/div>\n\n\n\n<div class=\"wp-block-column is-layout-flow wp-block-column-is-layout-flow\">\n<h5 class=\"wp-block-heading\" style=\"font-size:20px\">Superintendente de Sociedades<\/h5>\n\n\n\n<p style=\"text-align:justify\">Abogado de la Universidad Externado de Colombia, Mag\u00edster en Administraci\u00f3n de Negocios de la Universidad de los Andes, M\u00e1ster en Direcci\u00f3n de los Sistemas de Seguridad Social de la Universidad de Alcal\u00e1 de Henares (Espa\u00f1a) y M\u00e1ster en Derecho Comercial Internacional de la Universidad Sapienza de Roma.<br><br>\nHa realizado estudios posgraduales en las universidades de Salamanca y Externado de Colombia. <br><br>Becario de las universidades \u00dadine y Bologna (Italia), Castilla-La Mancha (Espa\u00f1a) y Harvard (Massachusetts Estados Unidos).<br><br>\nCuenta con m\u00e1s de 30 a\u00f1os de experiencia en la administraci\u00f3n y gesti\u00f3n de Instituciones de Educaci\u00f3nSuperiory en el ejercicio de la docencia en las \u00e1reas de Derecho Comercial, Derecho del Trabajo, Seguridad Social, Responsabilidad Social Empresarial, Derecho Procesal y Derecho Probatorio en universidades nacionales y extranjeras entre las que destacan: Universidad Externado de Colombia, Universidad del Rosario, Universidad Central, Universidad Santo Tom\u00e1s, Universidad de la Sabana, Instituci\u00f3n Universitaria Polit\u00e9cnico Grancolombiano, Universidad de Guadalajara (M\u00e9xico), Universidad de\u00dadine y Universidad de M\u00f3dena (Italia).<br><br>\nAsesor jur\u00eddico y Director del Consultorio Jur\u00eddico de la Universidad Externado de Colombia; Secretario General de la Universidad Central.\nAsesor jur\u00eddico y Director del Departamento de Derecho. Decano de Ciencias Sociales y Secretario General del Polit\u00e9cnico Grancolombiano.<br><br>\nSe ha desempe\u00f1ado como asesor de empresas nacionales e internacionales, p\u00fablicas y privadas, miembro de juntas directivas. Directivo por m\u00e1s de 30 a\u00f1os.<\/p>\n<\/div>\n<\/div>\n","protected":false},"excerpt":{"rendered":"<p>Superintendente de Sociedades Abogado de la Universidad Externado de Colombia, Mag\u00edster en Administraci\u00f3n de Negocios de la Universidad de los Andes, M\u00e1ster en Direcci\u00f3n de los Sistemas de Seguridad Social de la Universidad de Alcal\u00e1 de Henares (Espa\u00f1a) y M\u00e1ster en Derecho Comercial Internacional de la Universidad Sapienza de Roma. Ha realizado estudios posgraduales en &hellip; <\/p>\n","protected":false},"author":1,"featured_media":0,"parent":0,"menu_order":0,"comment_status":"closed","ping_status":"closed","template":"","meta":{"inline_featured_image":false,"footnotes":""},"class_list":["post-723","page","type-page","status-publish","hentry"],"_links":{"self":[{"href":"https:\/\/encuentrocontableytributario.incp.org.co\/index.php\/wp-json\/wp\/v2\/pages\/723","targetHints":{"allow":["GET"]}}],"collection":[{"href":"https:\/\/encuentrocontableytributario.incp.org.co\/index.php\/wp-json\/wp\/v2\/pages"}],"about":[{"href":"https:\/\/encuentrocontableytributario.incp.org.co\/index.php\/wp-json\/wp\/v2\/types\/page"}],"author":[{"embeddable":true,"href":"https:\/\/encuentrocontableytributario.incp.org.co\/index.php\/wp-json\/wp\/v2\/users\/1"}],"replies":[{"embeddable":true,"href":"https:\/\/encuentrocontableytributario.incp.org.co\/index.php\/wp-json\/wp\/v2\/comments?post=723"}],"version-history":[{"count":1,"href":"https:\/\/encuentrocontableytributario.incp.org.co\/index.php\/wp-json\/wp\/v2\/pages\/723\/revisions"}],"predecessor-version":[{"id":725,"href":"https:\/\/encuentrocontableytributario.incp.org.co\/index.php\/wp-json\/wp\/v2\/pages\/723\/revisions\/725"}],"wp:attachment":[{"href":"https:\/\/encuentrocontableytributario.incp.org.co\/index.php\/wp-json\/wp\/v2\/media?parent=723"}],"curies":[{"name":"wp","href":"https:\/\/api.w.org\/{rel}","templated":true}]}}