{"id":630,"date":"2025-11-25T15:05:57","date_gmt":"2025-11-25T15:05:57","guid":{"rendered":"https:\/\/encuentrocontableytributario.incp.org.co\/?page_id=630"},"modified":"2025-11-28T13:18:16","modified_gmt":"2025-11-28T13:18:16","slug":"german-andres-benitez","status":"publish","type":"page","link":"https:\/\/encuentrocontableytributario.incp.org.co\/indexphp\/german-andres-benitez\/","title":{"rendered":"Germ\u00e1n Andr\u00e9s Ben\u00edtez"},"content":{"rendered":"\n<div class=\"wp-block-columns is-layout-flex wp-container-core-columns-is-layout-9d6595d7 wp-block-columns-is-layout-flex\">\n<div class=\"wp-block-column is-layout-flow wp-block-column-is-layout-flow\">\n<figure class=\"wp-block-image size-full is-resized\"><img loading=\"lazy\" decoding=\"async\" width=\"601\" height=\"601\" src=\"https:\/\/encuentrocontableytributario.incp.org.co\/wp-content\/uploads\/2025\/11\/German-Andres-Benitez@2x-100.jpg\" alt=\"\" class=\"wp-image-644\" style=\"width:416px;height:auto\" srcset=\"https:\/\/encuentrocontableytributario.incp.org.co\/wp-content\/uploads\/2025\/11\/German-Andres-Benitez@2x-100.jpg 601w, https:\/\/encuentrocontableytributario.incp.org.co\/wp-content\/uploads\/2025\/11\/German-Andres-Benitez@2x-100-300x300.jpg 300w, https:\/\/encuentrocontableytributario.incp.org.co\/wp-content\/uploads\/2025\/11\/German-Andres-Benitez@2x-100-150x150.jpg 150w, https:\/\/encuentrocontableytributario.incp.org.co\/wp-content\/uploads\/2025\/11\/German-Andres-Benitez@2x-100-470x470.jpg 470w\" sizes=\"auto, (max-width: 601px) 100vw, 601px\" \/><\/figure>\n<\/div>\n\n\n\n<div class=\"wp-block-column is-layout-flow wp-block-column-is-layout-flow\">\n<h5 class=\"wp-block-heading\" style=\"font-size:20px\">Gerente Laboral, Seguridad Social y Migratorio en PWC<\/h5>\n\n\n\n<p style=\"text-align:justify\">Abogado especialista en Derecho Laboral y Relaciones Industriales con m\u00e1s de 19 a\u00f1os de experiencia en la asesor\u00eda jur\u00eddica laboral, de seguridad social y migratoria. Ha acompa\u00f1ado a empresas nacionales y multinacionales en el dise\u00f1o de pol\u00edticas de compensaci\u00f3n y beneficios, as\u00ed como en la gesti\u00f3n jur\u00eddica de sus relaciones laborales individuales y colectivas. Es conferencista en programas de especializaci\u00f3n y diplomados, donde aborda contenidos sobre derecho individual, liquidaci\u00f3n de aportes al Sistema de Seguridad Social Integral y estructuras de remuneraci\u00f3n para empleados.<br><br>\nCuenta con una destacada trayectoria de 10 a\u00f1os como representante jur\u00eddico ante la Unidad de Gesti\u00f3n Pensional y Parafiscales (UGPP) defendiendo a organizaciones en procesos administrativos y requerimientos formales. Su labor lo posiciona como un referente en cumplimiento laboral y seguridad social.\n<\/p>\n<\/div>\n<\/div>\n\n\n\n<p><\/p>\n","protected":false},"excerpt":{"rendered":"<p>Gerente Laboral, Seguridad Social y Migratorio en PWC Abogado especialista en Derecho Laboral y Relaciones Industriales con m\u00e1s de 19 a\u00f1os de experiencia en la asesor\u00eda jur\u00eddica laboral, de seguridad social y migratoria. Ha acompa\u00f1ado a empresas nacionales y multinacionales en el dise\u00f1o de pol\u00edticas de compensaci\u00f3n y beneficios, as\u00ed como en la gesti\u00f3n jur\u00eddica &hellip; <\/p>\n","protected":false},"author":1,"featured_media":0,"parent":0,"menu_order":0,"comment_status":"closed","ping_status":"closed","template":"","meta":{"inline_featured_image":false,"footnotes":""},"class_list":["post-630","page","type-page","status-publish","hentry"],"_links":{"self":[{"href":"https:\/\/encuentrocontableytributario.incp.org.co\/index.php\/wp-json\/wp\/v2\/pages\/630","targetHints":{"allow":["GET"]}}],"collection":[{"href":"https:\/\/encuentrocontableytributario.incp.org.co\/index.php\/wp-json\/wp\/v2\/pages"}],"about":[{"href":"https:\/\/encuentrocontableytributario.incp.org.co\/index.php\/wp-json\/wp\/v2\/types\/page"}],"author":[{"embeddable":true,"href":"https:\/\/encuentrocontableytributario.incp.org.co\/index.php\/wp-json\/wp\/v2\/users\/1"}],"replies":[{"embeddable":true,"href":"https:\/\/encuentrocontableytributario.incp.org.co\/index.php\/wp-json\/wp\/v2\/comments?post=630"}],"version-history":[{"count":2,"href":"https:\/\/encuentrocontableytributario.incp.org.co\/index.php\/wp-json\/wp\/v2\/pages\/630\/revisions"}],"predecessor-version":[{"id":645,"href":"https:\/\/encuentrocontableytributario.incp.org.co\/index.php\/wp-json\/wp\/v2\/pages\/630\/revisions\/645"}],"wp:attachment":[{"href":"https:\/\/encuentrocontableytributario.incp.org.co\/index.php\/wp-json\/wp\/v2\/media?parent=630"}],"curies":[{"name":"wp","href":"https:\/\/api.w.org\/{rel}","templated":true}]}}