{"id":589,"date":"2025-11-14T17:51:01","date_gmt":"2025-11-14T17:51:01","guid":{"rendered":"https:\/\/encuentrocontableytributario.incp.org.co\/?page_id=589"},"modified":"2026-01-21T13:12:11","modified_gmt":"2026-01-21T13:12:11","slug":"paolo-bedoya","status":"publish","type":"page","link":"https:\/\/encuentrocontableytributario.incp.org.co\/indexphp\/paolo-bedoya\/","title":{"rendered":"Paolo Bedoya"},"content":{"rendered":"\n<div class=\"wp-block-columns is-layout-flex wp-container-core-columns-is-layout-9d6595d7 wp-block-columns-is-layout-flex\">\n<div class=\"wp-block-column is-layout-flow wp-block-column-is-layout-flow\">\n<figure class=\"wp-block-video\"><video height=\"1920\" style=\"aspect-ratio: 1080 \/ 1920;\" width=\"1080\" controls src=\"https:\/\/encuentrocontableytributario.incp.org.co\/wp-content\/uploads\/2026\/01\/reel-pauta-ECT-Paolo-Bedoya.mp4\"><\/video><\/figure>\n<\/div>\n\n\n\n<div class=\"wp-block-column is-layout-flow wp-block-column-is-layout-flow\">\n<h5 class=\"wp-block-heading\" style=\"font-size:20px\">Socio Director de Pierpont | TLA Consulting y docente en reconocidas universidades del pa\u00eds<\/h5>\n\n\n\n<p style=\"text-align:justify\">Abogado, especialista y mag\u00edster en Tributaci\u00f3n, con m\u00e1s de 16 a\u00f1os de experiencia en los sectores p\u00fablico, privado, judicial y acad\u00e9mico. Ha ejercido como Subdirector Nacional de Fiscalizaci\u00f3n Tributaria y Subdirector de Recursos Jur\u00eddicos de la DIAN, liderando la planeaci\u00f3n y supervisi\u00f3n de programas de fiscalizaci\u00f3n en todo el pa\u00eds, as\u00ed como la resoluci\u00f3n de controversias fiscales y la elaboraci\u00f3n de conceptos jur\u00eddicos de alto impacto.<br><br>\nParticip\u00f3 en la discusi\u00f3n y reglamentaci\u00f3n de reformas tributarias, incluidas las Leyes 1943 de 2018 y 2010 de 2019, adem\u00e1s de aportar a proyectos normativos con fuerza de ley durante estados de excepci\u00f3n y a la estructuraci\u00f3n de la nueva organizaci\u00f3n de la DIAN. Cuenta con s\u00f3lida experiencia en consultor\u00eda tributaria, litigio, devoluciones de saldos a favor, planeaci\u00f3n fiscal y debida diligencia tributaria. Ha sido integrante de la Comisi\u00f3n Internacional de Expertos en Beneficios Tributarios de la OCDE y representante de la DIAN en el Informe sobre Gasto Tributario \u2013 An\u00e1lisis de Pol\u00edtica Fiscal de la OCDE: Colombia 2022.\n<\/p>\n<\/div>\n<\/div>\n\n\n\n<p><\/p>\n","protected":false},"excerpt":{"rendered":"<p>Socio Director de Pierpont | TLA Consulting y docente en reconocidas universidades del pa\u00eds Abogado, especialista y mag\u00edster en Tributaci\u00f3n, con m\u00e1s de 16 a\u00f1os de experiencia en los sectores p\u00fablico, privado, judicial y acad\u00e9mico. Ha ejercido como Subdirector Nacional de Fiscalizaci\u00f3n Tributaria y Subdirector de Recursos Jur\u00eddicos de la DIAN, liderando la planeaci\u00f3n y &hellip; <\/p>\n","protected":false},"author":1,"featured_media":0,"parent":0,"menu_order":0,"comment_status":"closed","ping_status":"closed","template":"","meta":{"inline_featured_image":false,"footnotes":""},"class_list":["post-589","page","type-page","status-publish","hentry"],"_links":{"self":[{"href":"https:\/\/encuentrocontableytributario.incp.org.co\/index.php\/wp-json\/wp\/v2\/pages\/589","targetHints":{"allow":["GET"]}}],"collection":[{"href":"https:\/\/encuentrocontableytributario.incp.org.co\/index.php\/wp-json\/wp\/v2\/pages"}],"about":[{"href":"https:\/\/encuentrocontableytributario.incp.org.co\/index.php\/wp-json\/wp\/v2\/types\/page"}],"author":[{"embeddable":true,"href":"https:\/\/encuentrocontableytributario.incp.org.co\/index.php\/wp-json\/wp\/v2\/users\/1"}],"replies":[{"embeddable":true,"href":"https:\/\/encuentrocontableytributario.incp.org.co\/index.php\/wp-json\/wp\/v2\/comments?post=589"}],"version-history":[{"count":3,"href":"https:\/\/encuentrocontableytributario.incp.org.co\/index.php\/wp-json\/wp\/v2\/pages\/589\/revisions"}],"predecessor-version":[{"id":762,"href":"https:\/\/encuentrocontableytributario.incp.org.co\/index.php\/wp-json\/wp\/v2\/pages\/589\/revisions\/762"}],"wp:attachment":[{"href":"https:\/\/encuentrocontableytributario.incp.org.co\/index.php\/wp-json\/wp\/v2\/media?parent=589"}],"curies":[{"name":"wp","href":"https:\/\/api.w.org\/{rel}","templated":true}]}}