{"id":563,"date":"2025-11-13T19:10:11","date_gmt":"2025-11-13T19:10:11","guid":{"rendered":"https:\/\/encuentrocontableytributario.incp.org.co\/?page_id=563"},"modified":"2026-01-21T13:03:45","modified_gmt":"2026-01-21T13:03:45","slug":"giovanny-alexander-bohorquez-reyes","status":"publish","type":"page","link":"https:\/\/encuentrocontableytributario.incp.org.co\/indexphp\/giovanny-alexander-bohorquez-reyes\/","title":{"rendered":"Giovanny Alexander Boh\u00f3rquez Reyes"},"content":{"rendered":"\n<div class=\"wp-block-columns is-layout-flex wp-container-core-columns-is-layout-9d6595d7 wp-block-columns-is-layout-flex\">\n<div class=\"wp-block-column is-layout-flow wp-block-column-is-layout-flow\">\n<figure class=\"wp-block-video\"><video height=\"1920\" style=\"aspect-ratio: 1080 \/ 1920;\" width=\"1080\" controls src=\"https:\/\/encuentrocontableytributario.incp.org.co\/wp-content\/uploads\/2026\/01\/reel-pauta-ECT-Giovanny-Alexander-Bohorquez.mp4\"><\/video><\/figure>\n<\/div>\n\n\n\n<div class=\"wp-block-column is-layout-flow wp-block-column-is-layout-flow\">\n<h5 class=\"wp-block-heading\" style=\"font-size:20px\">Socio L\u00edder de Impuestos MOORE Colombia<\/h5>\n\n\n\n<p style=\"text-align:justify\">Contador p\u00fablico egresado de la Universidad Aut\u00f3noma de Colombia, con estudios en Gerencia y Administraci\u00f3n Tributaria en la Universidad Externado. Cuenta con m\u00e1s de 20 a\u00f1os de experiencia en consultor\u00eda, planeaci\u00f3n, contralor\u00eda, litigio, precios de transferencia y estructuraci\u00f3n financiera y tributaria.<br><br>\nHa liderado proyectos en sectores como consumo masivo, oil &#038; gas, tecnolog\u00eda, farmac\u00e9utico y a\u00e9reo, tanto a nivel nacional como internacional. Su trayectoria se ha enfocado en dise\u00f1o fiscal, fusiones y adquisiciones, BEPS y Due Diligence. Ha acompa\u00f1ado a autoridades fiscales de varios pa\u00edses como Colombia, Per\u00fa, Costa Rica, El Salvador,\u00a0y ha complementado su formaci\u00f3n en Yale, los Andes y la Javeriana.<\/p>\n<\/div>\n<\/div>\n\n\n\n<p><\/p>\n","protected":false},"excerpt":{"rendered":"<p>Socio L\u00edder de Impuestos MOORE Colombia Contador p\u00fablico egresado de la Universidad Aut\u00f3noma de Colombia, con estudios en Gerencia y Administraci\u00f3n Tributaria en la Universidad Externado. Cuenta con m\u00e1s de 20 a\u00f1os de experiencia en consultor\u00eda, planeaci\u00f3n, contralor\u00eda, litigio, precios de transferencia y estructuraci\u00f3n financiera y tributaria. Ha liderado proyectos en sectores como consumo masivo, &hellip; <\/p>\n","protected":false},"author":1,"featured_media":0,"parent":0,"menu_order":0,"comment_status":"closed","ping_status":"closed","template":"","meta":{"inline_featured_image":false,"footnotes":""},"class_list":["post-563","page","type-page","status-publish","hentry"],"_links":{"self":[{"href":"https:\/\/encuentrocontableytributario.incp.org.co\/index.php\/wp-json\/wp\/v2\/pages\/563","targetHints":{"allow":["GET"]}}],"collection":[{"href":"https:\/\/encuentrocontableytributario.incp.org.co\/index.php\/wp-json\/wp\/v2\/pages"}],"about":[{"href":"https:\/\/encuentrocontableytributario.incp.org.co\/index.php\/wp-json\/wp\/v2\/types\/page"}],"author":[{"embeddable":true,"href":"https:\/\/encuentrocontableytributario.incp.org.co\/index.php\/wp-json\/wp\/v2\/users\/1"}],"replies":[{"embeddable":true,"href":"https:\/\/encuentrocontableytributario.incp.org.co\/index.php\/wp-json\/wp\/v2\/comments?post=563"}],"version-history":[{"count":4,"href":"https:\/\/encuentrocontableytributario.incp.org.co\/index.php\/wp-json\/wp\/v2\/pages\/563\/revisions"}],"predecessor-version":[{"id":760,"href":"https:\/\/encuentrocontableytributario.incp.org.co\/index.php\/wp-json\/wp\/v2\/pages\/563\/revisions\/760"}],"wp:attachment":[{"href":"https:\/\/encuentrocontableytributario.incp.org.co\/index.php\/wp-json\/wp\/v2\/media?parent=563"}],"curies":[{"name":"wp","href":"https:\/\/api.w.org\/{rel}","templated":true}]}}